 2*h - 8. What is o(5)?
2
Let f(w) = w**3 + 5*w**2 + 4*w - 5. Give f(-4).
-5
Let j(y) = -y**3 - 9*y**2 + 3*y - 8. Determine j(-9).
-35
Let k(q) = -q + 18. Determine k(4).
14
Let y(t) = -t**3 + 8*t**2 - 6*t - 6. Give y(7).
1
Let k(q) = -q**2 - 7*q + 20. What is k(-10)?
-10
Let d(r) = -r. Determine d(12).
-12
Let v(q) = q**3 - 31*q**2 - 66*q + 18. What is v(33)?
18
Let d(t) = 10*t - 2. Give d(-1).
-12
Let p(o) = -o**3 - 5*o**2 + 5. Give p(-6).
41
Let t(p) = p**2 - 24*p - 21. What is t(23)?
-44
Let a(j) = -10*j - 96. Give a(-9).
-6
Let z(l) = -3*l**3 - 3*l**2 - 2*l + 8. What is z(-3)?
68
Let p(o) = -21*o - 15. Determine p(-1).
6
Let z(n) = -46*n + 1. Give z(1).
-45
Let a(c) = -c + 57. Give a(-8).
65
Let p(h) = 28*h. Calculate p(1).
28
Let z(y) = -y**2 + 17*y + 3. Determine z(10).
73
Let k(l) = -l**2 + 5*l + 2. Determine k(7).
-12
Let n(z) = -z**3 + 8*z**2 - 14*z + 23. Give n(6).
11
Let g(q) = -5*q - 25. Determine g(-6).
5
Let u(r) = 2*r**2 + 18*r + 15. Determine u(-8).
-1
Let k(r) = r**3 - 7*r**2 + 11*r + 10. Give k(5).
15
Let c(p) = p**3 - 8*p**2 + 23. What is c(8)?
23
Let o(w) = w**2 - 42*w + 6. Give o(41).
-35
Let m(u) = 5*u + 38. Give m(-8).
-2
Let v(b) = -3*b**2 + 2*b + 2. Give v(2).
-6
Let c(z) = 4*z**2 + 2*z - 6. What is c(3)?
36
Let t(r) = r**3 + 6*r**2 + 4*r + 5. Determine t(-5).
10
Let w(m) = -2*m + 30. Give w(-14).
58
Let c(r) = 2*r**2 + 48*r + 49. Give c(-23).
3
Let i(g) = -g**3 + g**2 - g + 21. Calculate i(0).
21
Let p(m) = m**2 - 14*m - 4. Calculate p(12).
-28
Let o(t) = 2*t - 10. Give o(-16).
-42
Let o(i) = i**2 + i - 49. Determine o(-7).
-7
Let a(k) = -30*k - 190. Determine a(-6).
-10
Let a(h) = h**2 - 1. What is a(-1)?
0
Let g(n) = n**3 - 24*n**2 - 27*n + 57. Calculate g(25).
7
Let p(h) = h**2 - 1. Give p(-2).
3
Let y(x) = 12*x**3 + 8*x - 7. Calculate y(1).
13
Let l(t) = -t**2 - 6*t - 1. Determine l(-5).
4
Let i(z) = -5*z + 40. What is i(10)?
-10
Let p(h) = h**3 - 14*h**2 + 13*h + 5. What is p(13)?
5
Let q(l) = l. Give q(-1).
-1
Let o(u) = 2*u**2 - 3*u - 4. Determine o(-3).
23
Let s(l) = -2*l**2 - 12*l - 19. Determine s(-2).
-3
Let g(d) = 130*d + 119. What is g(-1)?
-11
Let n(c) = -c**3 + c**2 + 5. Calculate n(0).
5
Let x(j) = j**3 + j**2 - j - 5. Determine x(-4).
-49
Let t(g) = 18*g - 89. Determine t(9).
73
Let v(i) = i**3 - 44*i**2 + 2*i - 85. Calculate v(44).
3
Let u(n) = 6*n - 77. Determine u(13).
1
Let v(r) = -r**2 - 5*r. What is v(-5)?
0
Let l(j) = -j**3 - 10*j**2 + 263*j - 14. Give l(-22).
8
Let a(i) = i - 28. What is a(3)?
-25
Let a(c) = 5*c**2 + 48*c + 47. Calculate a(-1).
4
Let v(g) = -103*g**3 + 2*g**2 + 3*g - 4. Give v(1).
-102
Let g(x) = -x**3 - 4*x**2 + 5*x + 12. Give g(-4).
-8
Let j(d) = -d**2 + d + 1. Determine j(-1).
-1
Let i(w) = -4*w + 74. Calculate i(-15).
134
Let t(m) = -m - 29. What is t(18)?
-47
Let a(w) = w**2 - 2*w - 7. Determine a(-3).
8
Let o(v) = -v**2 - 5*v - 7. What is o(5)?
-57
Let c(h) = h**3 - 15*h**2 + 18*h - 51. What is c(14)?
5
Let b(i) = -i - 46. Give b(-8).
-38
Let a(h) = -h + 10. Determine a(-6).
16
Let r(c) = -c**2 + 8*c + 1. What is r(7)?
8
Let s(j) = -j**3 + 7*j**2 + 3*j - 5. Give s(6).
49
Let w(g) = g**3 - 2*g**2 - g + 1. What is w(-1)?
-1
Let a(c) = -2*c**2 - 3*c. Calculate a(-4).
-20
Let p(t) = -2*t**3 - 11*t**2 - 6*t + 6. Give p(-5).
11
Let m(f) = 4*f + 4. Give m(-6).
-20
Let x(u) = -u**2 - 7*u + 21. What is x(-9)?
3
Let k(a) = a**3 - 22*a**2 - 21*a - 48. Determine k(23).
-2
Let j(l) = 2*l**3 + l**2 - 2. Determine j(2).
18
Let b(t) = t**2 + 4*t + 25. What is b(-12)?
121
Let n(r) = -4*r - 26. What is n(-9)?
10
Let f(p) = 57*p**2 + 2*p. What is f(1)?
59
Let y(h) = -h**2 + 25*h - 6. What is y(25)?
-6
Let x(g) = g**3 - 7*g**2 + 7*g. What is x(6)?
6
Let v(w) = -22*w**2 - 5*w - 1. Calculate v(-1).
-18
Let b(k) = -9*k - 1. Determine b(-9).
80
Let i(j) = -j**2 - 7*j - 23. Give i(-10).
-53
Let d(o) = -o**3 - 17*o**2 - 73*o - 6. Calculate d(-7).
15
Let p(o) = o**2 + 3*o - 2. What is p(-5)?
8
Let g(s) = -162*s - 13. Determine g(-1).
149
Let l(k) = 5*k**3 - 3*k**2 + 2*k + 5. Give l(2).
37
Let k(o) = -o - 1. Determine k(7).
-8
Let v(s) = -2*s - 10. What is v(-6)?
2
Let u(z) = -z**3 + 9*z**2 + 9*z - 13. Give u(10).
-23
Let c(s) = -s**2 - 6*s - 5. What is c(-5)?
0
Let m(f) = -5*f - 34. Determine m(-6).
-4
Let x(m) = -7*m + 5. Give x(4).
-23
Let l(w) = 3*w - 1. Determine l(2).
5
Let n(a) = 22*a**2 - 2*a + 3. Calculate n(1).
23
Let s(u) = -3*u - 52. Calculate s(-8).
-28
Let z(t) = -t**3 - 17*t**2 - 41*t + 9. What is z(-14)?
-5
Let t(h) = h**3 + 7*h**2 + 10*h + 7. What is t(-6)?
-17
Let f(v) = 5*v**2 + 2*v + 9. Calculate f(-4).
81
Let m(h) = 47*h + 598. Determine m(-13).
-13
Let i(m) = m**2 + 20*m + 73. Give i(-5).
-2
Let c(g) = -5*g + 19. Determine c(5).
-6
Let w(o) = o - 26. What is w(11)?
-15
Let p(u) = 4*u - 229. Determine p(55).
-9
Let l(f) = -f**2 + 3*f - 8. Determine l(9).
-62
Let f(w) = w**3 + 3*w**2 - 19*w - 74. What is f(-6)?
-68
Let b(y) = -y**3 + 7*y**2 - 6*y - 4. Calculate b(6).
-4
Let g(i) = -i**3 + 4*i**2 + 9*i - 12. Determine g(6).
-30
Let w(o) = -8*o + 99. Determine w(9).
27
Let i(j) = -j**2 - 24*j - 23. What is i(-23)?
0
Let z(p) = p**3 - 3*p**2 - p. What is z(4)?
12
Let j(n) = n**3 + n**2 + n + 20. Determine j(0).
20
Let l(x) = 42*x - 51. Give l(1).
-9
Let g(o) = o**2 - 19*o + 25. Give g(16).
-23
Let f(n) = -n + 13. Give f(12).
1
Let d(t) = t**3 + 10*t**2 - 12*t - 14. Calculate d(-11).
-3
Let b(s) = -20*s - 12. Give b(4).
-92
Let s(f) = f**3 - 18*f**2 + 35*f - 305. Calculate s(17).
1
Let b(p) = -57*p + 159. What is b(3)?
-12
Let c(t) = t**3 - 12*t**2 + 10*t - 1. Determine c(11).
-12
Let q(d) = 6*d**2 - 4*d - 3. Determine q(-1).
7
Let h(c) = c**2 - 12*c + 6. Calculate h(11).
-5
Let y(j) = 4*j - 18. Calculate y(-3).
-30
Let x(r) = r**2 - 4*r - 14. Give x(6).
-2
Let p(j) = -j**3 + 3*j**2 + 11*j - 17. What is p(4)?
11
Let b(u) = 9*u + 41. Determine b(-8).
-31
Let x(d) = d - 26. Calculate x(0).
-26
Let g(t) = t. What is g(-7)?
-7
Let o(q) = -3*q - 18. Calculate o(0).
-18
Let t(j) = j**3 + 52*j**2 + 99*j - 42. What is t(-50)?
8
Let s(r) = 35*r**3 - 2*r**2 + 3*r - 1. Determine s(1).
35
Let o(g) = g**3 - 9*g**2 - 2*g + 119. Calculate o(7).
7
Let p(w) = w**2 + 5*w - 6. Determine p(-6).
0
Let x(d) = -15*d**3 - 5*d - 4. Give x(-1).
16
Let a(d) = d**2 + 8*d - 2. What is a(-9)?
7
Let m(c) = 4*c - 4. What is m(6)?
20
Let o(z) = -z**2 - 15*z + 10. Determine o(-15).
10
Let s(w) = w + 2. Give s(5).
7
Let z(y) = 5*y + 46. Determine z(-9).
1
Let d(x) = -x**3 - 8*x**2 + 8*x - 12. Give d(-9).
-3
Let c(w) = -w + 12. Give c(5).
7
Let p(g) = -g**3 + 5*g + 3. Calculate p(-1).
-1
Let l(m) = m**2 - 5*m + 8. Calculate l(6).
14
Let q(c) = c**2 - 13*c + 5. Calculate q(11).
-17
Let s(u) = u**3 - 7*u**2 - 7*u + 1. Calculate s(8).
9
Let n(r) = -r**3 + 2*r**2 + 2*r - 5. What is n(0)?
-5
Let j(b) = -b + 8. What is j(6)?
2
Let x(u) = 35*u + 245. Determine x(-7).
0
Let k(j) = -5*j + 39. Calculate k(9).
-6
Let t(a) = 12*a - 3. Determine t(4).
45
Let x(j) = -20*j + 438. What is x(22)?
-2
Let h(m) = -m**2 - 10*m + 10. What is h(1)?
-1
Let d(t) = t + 28. What is d(9)?
37
Let h(f) = -68*f**3 - f**2 - f - 1. What is h(-1)?
67
Let x(i) = 3*i + 5. What is x(-1)?
2
Let r(j) = 3*j - 19. What is r(6)?
-1
Let i(s) = 2*s - 21. Determine i(3).
-15
Let q(j) = -56*j - 179. Give q(-3).
-11
Let j(t) = -3*t + 12. Give j(-10).
42
Let h(a) = 4*a**3 + a**2 - 2. Calculate h(-3).
-101
Let i(b) = 2*b**3 - 44*b**2 + 9. Give i(22).
9
Let w(x) = x**3 - 8*x**2 + 8*x - 8. What is w(7)?
-1
Let x(k) = k**2 - 6*k - 5. Calculate x(8).
11
Let w(p) = p**2 - 14*p + 6. Determine w(17).
57
Let l(q) = 69*q - 4. Determine l(-2).
-142
Let x(d) = -6*d**2 - 1. Give x(3).
-55
Let t(j) = -j**3 + 29*j**2 + 62*j + 5. Give t(31).
5
Let a(c) = -c**2 - 5*c + 24. Give a(-8).
0
Let d(p) = -5*p - 12. Give d(-4).
8
Let h(u) = -3*u**2 + 25*u - 13. What is h(10)?
-63
Let s(d) = 2*d - 11. Determine s(3).
-5
Let t(r) = -3*r**2 + 8*r - 12. Determine t(2).
-8
Let z(m) = 2*m**2 - 8*m + 13. Determine z(6).
37
Let x(i) = 19*i - 425. Determine x(22).
-7
Let b(c) = -c**3 - 5*c**2 + 2*c + 3. Determine b(-4).
-21
Let v(f) = f**2 - 10*f + 5. Calculate v(7).
-16
Let a(w) = w**2 + 25*w + 19. Calculate a(-24).
-5
Let t(f) = 47*f - 78. What is t(2)?
16
Let b(n) = -2*n**2 - 8*n + 4. Calc